{"id":3915,"date":"2024-12-02T07:30:30","date_gmt":"2024-12-02T06:30:30","guid":{"rendered":"https:\/\/ahw-wiesloch.de\/ahw\/2022\/?page_id=3915"},"modified":"2025-04-01T12:26:02","modified_gmt":"2025-04-01T10:26:02","slug":"impressum","status":"publish","type":"page","link":"https:\/\/ahw-wiesloch.de\/ahw\/2022\/impressum\/","title":{"rendered":"impressum"},"content":{"rendered":"\t\t<div data-elementor-type=\"wp-page\" data-elementor-id=\"3915\" class=\"elementor elementor-3915\" data-elementor-post-type=\"page\">\n\t\t\t\t\t\t<section class=\"elementor-section elementor-top-section elementor-element elementor-element-e653422 elementor-section-full_width elementor-section-stretched elementor-section-height-default elementor-section-height-default\" data-id=\"e653422\" data-element_type=\"section\" data-settings=\"{&quot;stretch_section&quot;:&quot;section-stretched&quot;}\">\n\t\t\t\t\t\t<div class=\"elementor-container elementor-column-gap-default\">\n\t\t\t\t\t<div class=\"elementor-column elementor-col-100 elementor-top-column elementor-element elementor-element-4ad530b\" data-id=\"4ad530b\" data-element_type=\"column\" data-settings=\"{&quot;background_background&quot;:&quot;classic&quot;}\">\n\t\t\t<div class=\"elementor-widget-wrap elementor-element-populated\">\n\t\t\t\t\t\t<div class=\"elementor-element elementor-element-7660d21 elementor-widget elementor-widget-shortcode\" data-id=\"7660d21\" data-element_type=\"widget\" data-widget_type=\"shortcode.default\">\n\t\t\t\t<div class=\"elementor-widget-container\">\n\t\t\t\t\t\t\t<div class=\"elementor-shortcode\"><a id=\"abwasser\"><\/a><\/div>\n\t\t\t\t\t\t<\/div>\n\t\t\t\t<\/div>\n\t\t\t\t<div class=\"elementor-element elementor-element-c41f044 elementor-widget elementor-widget-spacer\" data-id=\"c41f044\" data-element_type=\"widget\" data-widget_type=\"spacer.default\">\n\t\t\t\t<div class=\"elementor-widget-container\">\n\t\t\t\t\t\t\t<div class=\"elementor-spacer\">\n\t\t\t<div class=\"elementor-spacer-inner\"><\/div>\n\t\t<\/div>\n\t\t\t\t\t\t<\/div>\n\t\t\t\t<\/div>\n\t\t\t\t\t<\/div>\n\t\t<\/div>\n\t\t\t\t\t<\/div>\n\t\t<\/section>\n\t\t\t\t<section class=\"elementor-section elementor-top-section elementor-element elementor-element-45e3f48 elementor-section-boxed elementor-section-height-default elementor-section-height-default\" data-id=\"45e3f48\" data-element_type=\"section\">\n\t\t\t\t\t\t<div class=\"elementor-container elementor-column-gap-default\">\n\t\t\t\t\t<div class=\"elementor-column elementor-col-100 elementor-top-column elementor-element elementor-element-914e59d\" data-id=\"914e59d\" data-element_type=\"column\">\n\t\t\t<div class=\"elementor-widget-wrap elementor-element-populated\">\n\t\t\t\t\t\t<div class=\"elementor-element elementor-element-543cb34 elementor-widget elementor-widget-spacer\" data-id=\"543cb34\" data-element_type=\"widget\" data-widget_type=\"spacer.default\">\n\t\t\t\t<div class=\"elementor-widget-container\">\n\t\t\t\t\t\t\t<div class=\"elementor-spacer\">\n\t\t\t<div class=\"elementor-spacer-inner\"><\/div>\n\t\t<\/div>\n\t\t\t\t\t\t<\/div>\n\t\t\t\t<\/div>\n\t\t\t\t\t<\/div>\n\t\t<\/div>\n\t\t\t\t\t<\/div>\n\t\t<\/section>\n\t\t\t\t<section class=\"elementor-section elementor-top-section elementor-element elementor-element-6033ae8 elementor-section-full_width elementor-section-stretched elementor-section-height-default elementor-section-height-default\" data-id=\"6033ae8\" data-element_type=\"section\" data-settings=\"{&quot;stretch_section&quot;:&quot;section-stretched&quot;}\">\n\t\t\t\t\t\t<div class=\"elementor-container elementor-column-gap-default\">\n\t\t\t\t\t<div class=\"elementor-column elementor-col-100 elementor-top-column elementor-element elementor-element-7649fe2\" data-id=\"7649fe2\" data-element_type=\"column\">\n\t\t\t<div class=\"elementor-widget-wrap elementor-element-populated\">\n\t\t\t\t\t\t<section class=\"elementor-section elementor-inner-section elementor-element elementor-element-281da14 elementor-section-full_width elementor-section-height-default elementor-section-height-default\" data-id=\"281da14\" data-element_type=\"section\">\n\t\t\t\t\t\t<div class=\"elementor-container elementor-column-gap-default\">\n\t\t\t\t\t<div class=\"elementor-column elementor-col-100 elementor-inner-column elementor-element elementor-element-8b6ab0a\" data-id=\"8b6ab0a\" data-element_type=\"column\">\n\t\t\t<div class=\"elementor-widget-wrap elementor-element-populated\">\n\t\t\t\t\t\t<div class=\"elementor-element elementor-element-69971c0 elementor-widget elementor-widget-video\" data-id=\"69971c0\" data-element_type=\"widget\" data-settings=\"{&quot;video_type&quot;:&quot;hosted&quot;,&quot;autoplay&quot;:&quot;yes&quot;,&quot;loop&quot;:&quot;yes&quot;,&quot;play_on_mobile&quot;:&quot;yes&quot;}\" data-widget_type=\"video.default\">\n\t\t\t\t<div class=\"elementor-widget-container\">\n\t\t\t\t\t\t\t<div class=\"e-hosted-video elementor-wrapper elementor-open-inline\">\n\t\t\t\t\t<video class=\"elementor-video\" src=\"https:\/\/ahw-wiesloch.de\/ahw\/2022\/wp-content\/uploads\/2025\/03\/AHW-Web-Videos-F-Header-Impressum-istock.mp4\" autoplay=\"\" loop=\"\" playsinline=\"\" controlsList=\"nodownload\"><\/video>\n\t\t\t\t<\/div>\n\t\t\t\t\t\t<\/div>\n\t\t\t\t<\/div>\n\t\t\t\t\t<\/div>\n\t\t<\/div>\n\t\t\t\t\t<\/div>\n\t\t<\/section>\n\t\t\t\t\t<\/div>\n\t\t<\/div>\n\t\t\t\t\t<\/div>\n\t\t<\/section>\n\t\t\t\t<section class=\"elementor-section elementor-top-section elementor-element elementor-element-5e31e4f elementor-section-boxed elementor-section-height-default elementor-section-height-default\" data-id=\"5e31e4f\" data-element_type=\"section\">\n\t\t\t\t\t\t<div class=\"elementor-container elementor-column-gap-default\">\n\t\t\t\t\t<div class=\"elementor-column elementor-col-100 elementor-top-column elementor-element elementor-element-070e5ef\" data-id=\"070e5ef\" data-element_type=\"column\">\n\t\t\t<div class=\"elementor-widget-wrap\">\n\t\t\t\t\t\t\t<\/div>\n\t\t<\/div>\n\t\t\t\t\t<\/div>\n\t\t<\/section>\n\t\t\t\t<section class=\"elementor-section elementor-top-section elementor-element elementor-element-15a96730 elementor-section-full_width elementor-section-stretched elementor-section-height-default elementor-section-height-default\" data-id=\"15a96730\" data-element_type=\"section\" data-settings=\"{&quot;stretch_section&quot;:&quot;section-stretched&quot;}\">\n\t\t\t\t\t\t<div class=\"elementor-container elementor-column-gap-default\">\n\t\t\t\t\t<div class=\"elementor-column elementor-col-100 elementor-top-column elementor-element elementor-element-36764be0\" data-id=\"36764be0\" data-element_type=\"column\" data-settings=\"{&quot;background_background&quot;:&quot;classic&quot;}\">\n\t\t\t<div class=\"elementor-widget-wrap elementor-element-populated\">\n\t\t\t\t\t\t<div class=\"elementor-element elementor-element-87994dc elementor-widget elementor-widget-text-editor\" data-id=\"87994dc\" data-element_type=\"widget\" data-widget_type=\"text-editor.default\">\n\t\t\t\t<div class=\"elementor-widget-container\">\n\t\t\t\t\t\t\t\t\t<p style=\"font-weight: 400;\"><strong>Angaben gem\u00e4\u00df \u00a7 5 TMG:<\/strong><\/p><p style=\"font-weight: 400;\"><strong>Abwasser- und Hochwasserschutzverband Wiesloch<\/strong><\/p><p style=\"font-weight: 400;\"><strong>(AHW)<\/strong><\/p><p style=\"font-weight: 400;\"><strong>Bruchwiesen 1<\/strong><\/p><p style=\"font-weight: 400;\"><strong>69168 Wiesloch<\/strong><\/p><p><strong>Vertreten durch:<\/strong><\/p><p style=\"font-weight: 400;\"><strong>Rainer Rei\u00dffelder\u00a0<\/strong><\/p><p style=\"font-weight: 400;\"><strong>Gesch\u00e4ftsf\u00fchrer <\/strong><\/p><p style=\"font-weight: 400;\"><strong>Kontakt:<\/strong><\/p><p style=\"font-weight: 400;\">Telefon: 06222\/5706-10<\/p><p style=\"font-weight: 400;\">Telefax: 06222\/5706-56<\/p><p style=\"font-weight: 400;\">E-Mail: <a href=\"mailto:info@ahw-wiesloch.de\">info@ahw-wiesloch.de<\/a><\/p><p style=\"font-weight: 400;\">Umsatzsteuer-ID: DE 221356749<\/p><p style=\"font-weight: 400;\">Presse- und \u00d6ffentlichkeitsarbeit<\/p><p style=\"font-weight: 400;\">Assistenz der Gesch\u00e4ftsleitung<\/p><p style=\"font-weight: 400;\">Sabine Fuchs Tel. 06222\/5706-10<\/p><p style=\"font-weight: 400;\">email-Adresse: <a href=\"mailto:s.fuchs@ahw-wiesloch.de\">s.fuchs@ahw-wiesloch.de<\/a><\/p><p style=\"font-weight: 400;\"><strong>Konzeption und Umsetzung der Internetpr\u00e4sentation<\/strong><\/p><p style=\"font-weight: 400;\">Gestaltung: <a href=\"http:\/\/www.aha-design.de\/\">aha-design<\/a><\/p><p style=\"font-weight: 400;\">Content:<a href=\"http:\/\/www.arts4fun.de\/\"> arts4fun<\/a><\/p><p style=\"font-weight: 400;\"><strong>Rechtsform:<\/strong><\/p><p style=\"font-weight: 400;\">Der AHW ist ein Zweckverband (K\u00f6rperschaft des \u00f6ffentlichen Rechts) im Sinne des Gesetzes \u00fcber kommunale Zusammenarbeit<\/p><p style=\"font-weight: 400;\"><strong>Aufsichtsbeh\u00f6rde<\/strong><\/p><p style=\"font-weight: 400;\">Regierungspr\u00e4sidium Karlsruhe, 76247 Karlsruhe<\/p><p style=\"font-weight: 400;\"><strong>Ausschlussklausel f\u00fcr Haftung \/ Disclaimer<\/strong><\/p><p style=\"font-weight: 400;\"><strong>Aktualit\u00e4t, Richtigkeit und Vollst\u00e4ndigkeit der Informationen<\/strong><\/p><p style=\"font-weight: 400;\">Der AHW bem\u00fcht sich im Rahmen des Zumutbaren, dass die auf den Webseiten des AHW enthalten Informationen zutreffend sind. Eine Haftung oder Garantie f\u00fcr die Aktualit\u00e4t, Richtigkeit und Vollst\u00e4ndigkeit der zur Verf\u00fcgung gestellten Daten ist jedoch ausgeschlossen. Der AHW \u00fcbernimmt keine Haftung f\u00fcr Fehler in den Inhalten dieses Internetauftritts. Die im Internet-Auftritt des AHW enthaltenen Inhalte k\u00f6nnen sich ohne vorherige Ank\u00fcndigung \u00e4ndern.<\/p><p style=\"font-weight: 400;\"><strong>Links<\/strong><\/p><p style=\"font-weight: 400;\">Die auf unseren Webseiten verwendeten externen Links stellen Verweise auf die Internetseiten fremder Anbieter dar. Die darin enthaltenen Informationen sind nicht Bestandteil der Internetseiten des AHW. Sie sind Informationen der Anbieter dieser Internetseiten, nicht des AHW. Die Verantwortlichkeit f\u00fcr den Inhalt dieser Seiten und die Rechte daran liegen ausschlie\u00dflich bei deren Anbietern. Der AHW haftet nicht f\u00fcr direkte oder indirekte Sch\u00e4den, die durch die Benutzung der verlinkten Internetseiten eintreten, es sei denn, ihm werden vors\u00e4tzliche oder grob fahrl\u00e4ssige Pflichtverletzungen nachgewiesen.<\/p><p style=\"font-weight: 400;\"><strong>Urheberrecht \/ Copyright<\/strong><\/p><p style=\"font-weight: 400;\">Die Inhalte des Internetauftritts des AHW sind urheberrechtlich gesch\u00fctzt. Die Verwendung und Vervielf\u00e4ltigung von<br \/>Bildern, Grafiken, Texten\/Textteilen darf nur mit Zustimmung des AHW erfolgen. Ausgenommen von dieser Regelung<br \/>sind die Informationen (Texte, Bilder) auf den Presse- und Informationsseiten.<\/p><p>AHW-Filme und Sequenzen aus Abwasser und Hochwasserschutz: Axel Czarnecki Amigofilm<\/p><p>Filmsequenzen: iStock-458534392 \/ iStock-477900672 \/ iStock-499588262 \/ iStock-610806038 \/ iStock-965887218 \/ <br \/>iStock-969030250 \/ iStock-1045286910 \/ iStock-1147065413 \/ iStock-1317714829 \/ iStock-1367645257 \/ iStock-1412440200 \/ <br \/>iStock-1430100677 \/ iStock-1438485006 \/ iStock-1460813264 \/ iStock-1464119360 \/ iStock-1478144561 \/ iStock-1692583931<br \/>iStock-1908754729<\/p><p style=\"font-weight: 400;\"><strong>Rechtsgrundlage und Gerichtsstand<\/strong><\/p><p style=\"font-weight: 400;\">In allen Rechtsfragen, die den Internetauftritt betreffen, ist die Grundlage das deutsche Recht.<br \/>Gerichtsstand ist Heidelberg<\/p><p style=\"font-weight: 400;\"><strong>Datenschutz<\/strong><\/p><p style=\"font-weight: 400;\">bitte beachten Sie unseren gesonderten Datenschutzhinweis auf unserer Website:<\/p><p style=\"font-weight: 400;\"><a href=\"https:\/\/ahw-wiesloch.de\/ahw\/2022\/datenschutz\/\">https:\/\/ahw-wiesloch.de\/ahw\/2022\/datenschutz<\/a><\/p><p style=\"font-weight: 400;\">email-Adresse: <a href=\"mailto:datenschutz@ahw-wiesloch.de\">datenschutz@ahw-wiesloch.de<\/a><\/p>\t\t\t\t\t\t\t\t<\/div>\n\t\t\t\t<\/div>\n\t\t\t\t<div class=\"elementor-element elementor-element-4c239448 elementor-widget elementor-widget-spacer\" data-id=\"4c239448\" data-element_type=\"widget\" data-widget_type=\"spacer.default\">\n\t\t\t\t<div class=\"elementor-widget-container\">\n\t\t\t\t\t\t\t<div class=\"elementor-spacer\">\n\t\t\t<div class=\"elementor-spacer-inner\"><\/div>\n\t\t<\/div>\n\t\t\t\t\t\t<\/div>\n\t\t\t\t<\/div>\n\t\t\t\t<div class=\"elementor-element elementor-element-1d88fa17 elementor-widget elementor-widget-spacer\" data-id=\"1d88fa17\" data-element_type=\"widget\" data-widget_type=\"spacer.default\">\n\t\t\t\t<div class=\"elementor-widget-container\">\n\t\t\t\t\t\t\t<div class=\"elementor-spacer\">\n\t\t\t<div class=\"elementor-spacer-inner\"><\/div>\n\t\t<\/div>\n\t\t\t\t\t\t<\/div>\n\t\t\t\t<\/div>\n\t\t\t\t<div class=\"elementor-element elementor-element-616cb0c9 elementor-widget elementor-widget-image\" data-id=\"616cb0c9\" data-element_type=\"widget\" data-widget_type=\"image.default\">\n\t\t\t\t<div class=\"elementor-widget-container\">\n\t\t\t\t\t\t\t\t\t\t\t\t\t\t\t<img decoding=\"async\" width=\"90\" height=\"15\" src=\"https:\/\/ahw-wiesloch.de\/ahw\/2022\/wp-content\/uploads\/2023\/02\/welle.png\" class=\"attachment-thumbnail size-thumbnail wp-image-1251\" alt=\"\" \/>\t\t\t\t\t\t\t\t\t\t\t\t\t\t\t<\/div>\n\t\t\t\t<\/div>\n\t\t\t\t<div class=\"elementor-element elementor-element-1b08c103 elementor-widget elementor-widget-spacer\" data-id=\"1b08c103\" data-element_type=\"widget\" data-widget_type=\"spacer.default\">\n\t\t\t\t<div class=\"elementor-widget-container\">\n\t\t\t\t\t\t\t<div class=\"elementor-spacer\">\n\t\t\t<div class=\"elementor-spacer-inner\"><\/div>\n\t\t<\/div>\n\t\t\t\t\t\t<\/div>\n\t\t\t\t<\/div>\n\t\t\t\t\t<\/div>\n\t\t<\/div>\n\t\t\t\t\t<\/div>\n\t\t<\/section>\n\t\t\t\t<\/div>\n\t\t","protected":false},"excerpt":{"rendered":"<p>https:\/\/ahw-wiesloch.de\/ahw\/2022\/wp-content\/uploads\/2025\/03\/AHW-Web-Videos-F-Header-Impressum-istock.mp4 Angaben gem\u00e4\u00df \u00a7 5 TMG: Abwasser- und Hochwasserschutzverband Wiesloch (AHW) Bruchwiesen 1 69168 Wiesloch Vertreten durch: Rainer Rei\u00dffelder\u00a0 Gesch\u00e4ftsf\u00fchrer Kontakt: Telefon: 06222\/5706-10 Telefax: 06222\/5706-56 E-Mail: info@ahw-wiesloch.de Umsatzsteuer-ID: DE 221356749 Presse- und \u00d6ffentlichkeitsarbeit Assistenz der Gesch\u00e4ftsleitung Sabine Fuchs Tel. 06222\/5706-10 email-Adresse: s.fuchs@ahw-wiesloch.de Konzeption und Umsetzung der Internetpr\u00e4sentation Gestaltung: aha-design Content: arts4fun Rechtsform: Der AHW ist [&hellip;]<\/p>\n","protected":false},"author":1,"featured_media":0,"parent":0,"menu_order":0,"comment_status":"closed","ping_status":"closed","template":"","meta":{"footnotes":""},"class_list":["post-3915","page","type-page","status-publish","hentry"],"_links":{"self":[{"href":"https:\/\/ahw-wiesloch.de\/ahw\/2022\/wp-json\/wp\/v2\/pages\/3915","targetHints":{"allow":["GET"]}}],"collection":[{"href":"https:\/\/ahw-wiesloch.de\/ahw\/2022\/wp-json\/wp\/v2\/pages"}],"about":[{"href":"https:\/\/ahw-wiesloch.de\/ahw\/2022\/wp-json\/wp\/v2\/types\/page"}],"author":[{"embeddable":true,"href":"https:\/\/ahw-wiesloch.de\/ahw\/2022\/wp-json\/wp\/v2\/users\/1"}],"replies":[{"embeddable":true,"href":"https:\/\/ahw-wiesloch.de\/ahw\/2022\/wp-json\/wp\/v2\/comments?post=3915"}],"version-history":[{"count":27,"href":"https:\/\/ahw-wiesloch.de\/ahw\/2022\/wp-json\/wp\/v2\/pages\/3915\/revisions"}],"predecessor-version":[{"id":4780,"href":"https:\/\/ahw-wiesloch.de\/ahw\/2022\/wp-json\/wp\/v2\/pages\/3915\/revisions\/4780"}],"wp:attachment":[{"href":"https:\/\/ahw-wiesloch.de\/ahw\/2022\/wp-json\/wp\/v2\/media?parent=3915"}],"curies":[{"name":"wp","href":"https:\/\/api.w.org\/{rel}","templated":true}]}}